reatest common factor of l and 15?
15
Let k(u) = u**3 - 14*u**2 + 35*u + 55. Let x be k(10). Let n = -200 + 280. Calculate the greatest common factor of n and x.
5
Let g(l) = 29*l + 4. Let m be g(7). Let o be (12/(-8))/3*-2. Let a be o*(-1)/4*-92. What is the greatest common divisor of m and a?
23
Let a be (56/6)/((-4)/(-294)). Calculate the greatest common factor of a and 42.
14
Let n(d) = -d + 8. Suppose -v + 19 = 5*h, -3*h - 2*v - 1 + 18 = 0. Let s be n(h). Let f be 252/(-15)*s/(-1). What is the greatest common factor of 56 and f?
28
Let y be (4260/(-50))/((-16)/40). What is the highest common factor of y and 355?
71
Let q = -178 + 184. Let n = -11 - -29. What is the highest common divisor of n and q?
6
Suppose 0 = 4*n - 19*n + 4095. Calculate the greatest common factor of n and 21.
21
Suppose 9*q - 38 - 16 = 0. What is the highest common factor of q and 786?
6
Let h = -1212 - -1948. Calculate the greatest common divisor of 46 and h.
46
Let v(i) = -2*i - 9. Let b be v(-7). Suppose 0 = 2*x, 2*y + b*x = 3*x + 6. Suppose h - y = 5. What is the greatest common divisor of h and 64?
8
Let v be (494/39)/(4/6). Suppose 2*b + 3*w - 45 = 0, b - 3*w - v = 17. What is the greatest common divisor of 216 and b?
27
Let g = 415 + -398. What is the highest common divisor of g and 187?
17
Let p = 74 - 41. Suppose 0 = -5*u + 3*m + 1155, -200*u + 198*u = -m - 462. What is the highest common divisor of p and u?
33
Let z = -40 - -98. Suppose 32 = 2*n - 0*n + d, 0 = -3*n + d + z. What is the greatest common divisor of 6 and n?
6
Let y(u) = u**2 - 25*u + 50. Let w be y(23). Calculate the highest common divisor of w and 9.
1
Let r be 1/(-1) - (-6 + 0). Let g(f) = 3*f**2 + 59*f + 95. Let c be g(-18). Calculate the greatest common factor of c and r.
5
Suppose 0 = 4*i - 2*t - 0*t - 76, 4*t - 108 = -5*i. Calculate the greatest common factor of i and 7.
1
Let w(q) = 34*q**2 - q. Let z be w(1). Calculate the highest common divisor of 3 and z.
3
Let z(g) = g**2 + g - 4. Let f be z(-4). Let c be 24/(-18)*-15*(-22)/(-55). Calculate the greatest common factor of f and c.
8
Suppose 1387*g - 1375*g - 432 = 0. Calculate the highest common factor of 16 and g.
4
Let p be ((-576)/(-216))/(2/66). Let w be (-4)/(-6) + 64/3. Calculate the greatest common factor of w and p.
22
Let s = -12046 + 12157. Suppose -2*v = 5*k - 177, -3*v + v - 156 = -4*k. What is the greatest common divisor of s and k?
37
Suppose 4*y - 102 = 54. Let f(l) = -l**3 - 15*l**2 - 15*l - 1. Let v be f(-14). Calculate the highest common factor of v and y.
13
Let p = -6 - -8. Suppose -5*y + p*y = -27. Let u(j) = -j**3 + 4*j**2 - 2*j - 3. Let l be u(2). Calculate the highest common factor of l and y.
1
Suppose 2 = -0*s + s. Suppose t - s*t - 2*q = -24, 5*t - 156 = -q. Suppose 96 = 3*h + 2*u, 2*h - 4*u = u + 64. Calculate the greatest common divisor of h and t.
32
Let r(i) = i**2 - 4*i + 14. Let w be r(6). Let p = 64 + w. Let k(c) = 2*c**2 + c + 2. Let l be k(-4). What is the highest common divisor of p and l?
30
Suppose 509 + 156 = 19*k. What is the highest common divisor of 14 and k?
7
Let o = 2729 + -2691. Calculate the greatest common divisor of 513 and o.
19
Suppose -23359 + 7159 = -216*k. Suppose 0 = -2*j + 5 + 3. Let g(f) = 8*f - 2. Let n be g(j). Calculate the highest common divisor of k and n.
15
Let f be 2/(1/148*-2). Let w = -103 - f. Suppose 9 = 4*v - 11. What is the highest common divisor of v and w?
5
Suppose 30047 = 18*x - 6115. Calculate the greatest common factor of 41 and x.
41
Suppose 14*u - 980 = 308. Calculate the highest common factor of u and 506.
46
Let n = -1335 - -1426. What is the highest common divisor of n and 35?
7
Let a be ((-104)/(-10))/((-6)/(-45)). Let b be (-1 - 1) + a/3. Suppose 2*l + b = 5*l. What is the highest common divisor of l and 2?
2
Suppose 6*r - 16 = 26. Suppose -c + 4*n - 3 = 8, -4*c + n - 44 = 0. Let t = c + 60. What is the greatest common factor of t and r?
7
Suppose 9*m - 2310 - 1425 = 0. Calculate the highest common factor of m and 10.
5
Suppose -4*r = -r - 15. Suppose -z - 125 = -r*s - 21, -4*z = -4. Let n = -566 - -569. What is the highest common divisor of n and s?
3
Let l(i) = 2*i**2 + 12*i + 6. Let a be l(-12). Calculate the highest common divisor of a and 90.
30
Suppose -d = d - 16. Suppose 27*b - 192 = 21*b. What is the highest common divisor of d and b?
8
Let y(m) = 13*m**2 + 10*m - 2. Let d be y(-7). Suppose -o = -w + 183, -5*o + 320 = 5*w - d. What is the greatest common factor of w and 20?
20
Suppose -46 = -3*r + 47. Let w be (2/3)/(242/11253). What is the highest common divisor of r and w?
31
Let x be ((-1)/2)/((-3)/12). Suppose n + x*v = -3, -n + 2*v + 9 = -0*n. Suppose -11 = 4*g + n*b, -b = 2*b + 15. Calculate the highest common factor of 8 and g.
1
Let s = 398 + -293. Let w = s + -94. Suppose -2*a + 88 = 2*t - 20, 5*a + 60 = t. Calculate the greatest common divisor of t and w.
11
Let j = -248 + 280. What is the greatest common divisor of j and 80?
16
Let h be (1 - 27) + (5 - 5). Let f be (h/65)/((-1)/40). Suppose -f + 2 = -7*t. What is the highest common divisor of t and 2?
2
Suppose -3*y - 2*y + 10 = 0. Suppose y*j + c - 7 = -0*j, j + 5*c = 17. Let f(m) = 2*m - 12. Let t be f(8). What is the highest common divisor of j and t?
2
Suppose 5*t - 16 - 313 = -4*w, -t = 3. Suppose -p - 14 = -w. Calculate the highest common factor of p and 48.
24
Let t(w) = -5*w**3 + w + 1. Let z be t(-1). Let h be 760/6 - 1/(-3). Suppose z*y = 512 - h. What is the greatest common factor of 7 and y?
7
Suppose -5*q + 72 = r + 40, -2*r - q + 46 = 0. Let v(x) = 11*x. Let i be v(4). Calculate the greatest common divisor of r and i.
22
Let f(k) = -16*k**2 + 2*k. Let u be f(-2). Let z = u - -80. What is the highest common factor of z and 24?
12
Let z(r) = -8*r**2 + 410*r - 58. Let d be z(51). Let b be 0 + (1 - 0) + 65. Calculate the highest common factor of b and d.
22
Let x be 192 - -2 - 3 - 0. Let f be (0 - 1) + 1 - -4. Suppose 97 + x = f*y. What is the greatest common factor of y and 48?
24
Let v = 4 - 1. Let u(k) = -k - 10. Let x be u(-13). Let r(j) = j**2 - 3*j + 6. Let g be r(x). Calculate the highest common factor of g and v.
3
Suppose w - 2*s = 2*s + 19, 0 = -2*s. Suppose 0 = -2*p + 4 + 2. Suppose -2*j + h + 258 = -3*h, 393 = p*j - 3*h. Calculate the greatest common factor of j and w.
19
Let l(r) = -r**3 + 38*r**2 + 81*r - 22. Let z be l(40). Let c(y) = 145*y**2 - 1. Let a be c(-1). Calculate the greatest common divisor of a and z.
18
Suppose t + 3*r - 8 = -3*t, -3*r = -3*t + 6. Calculate the greatest common factor of t and 98.
2
Let q(l) = -2*l + 3. Let c be q(-2). Let o be (c - -6)*1*2. Suppose -4*t + o = 2*h, -2*h - h - 2*t + 35 = 0. Calculate the greatest common factor of h and 11.
11
Suppose 2*g + 2*a - 5 + 13 = 0, -4*a = -4*g. Let x be (3/2)/(g/(-4)). Suppose -4*l = -x*l - 63. What is the highest common factor of 7 and l?
7
Let l be ((-1729)/65 + 9)*(-25)/1. What is the greatest common divisor of 100 and l?
20
Let j = 196 + -92. Let z = 43 - -126. Suppose z = 9*q + 4*q. What is the greatest common factor of q and j?
13
Let h be 24/((-1176)/(-128) - 9). What is the greatest common divisor of 832 and h?
64
Suppose 32 - 452 = -12*q. What is the highest common factor of q and 455?
35
Let k be 13/(-65) + 1621/5. Calculate the greatest common divisor of 12 and k.
12
Suppose g = -g + 58. Let m = g + -20. Calculate the highest common factor of m and 99.
9
Let w be (-120)/21*(-7)/2. Suppose 0*m - w = -4*m. Suppose -3*f + 216 = m*d, -3*f + 7*f - d - 311 = 0. What is the highest common factor of 11 and f?
11
Let g = -502 - -1159. Suppose 5*a - g = -3*l, l = 3*l + a - 445. Let u(h) = 26*h + 2. Let p be u(1). What is the highest common factor of l and p?
28
Let f = 91 - 91. Suppose -9*j - 2*j + 77 = f. Calculate the greatest common factor of 35 and j.
7
Let f(v) = -3*v - 11. Let u be f(-17). What is the highest common divisor of u and 590?
10
Let m = 871 + -709. Calculate the greatest common divisor of m and 24.
6
Suppose -4*u = -3 - 5. Let h(z) = -z**3 + 3*z**2 - z. Let t be h(u). Let b be 1 + t - -142 - 1. What is the highest common divisor of b and 16?
16
Suppose 41 = 5*f + 3*n - 0*n, -f - 2 = 4*n. Calculate the highest common factor of 6 and f.
2
Suppose 4*k = 15 + 21. Let 